 76823068.
1286
Calculate the greatest common factor of 27 and 183394881.
27
Calculate the greatest common divisor of 90943936 and 64.
64
What is the highest common factor of 693557 and 326839?
211
Calculate the highest common divisor of 946 and 348194.
22
Calculate the highest common divisor of 28253001 and 379470.
2919
Calculate the highest common factor of 80 and 16125140.
20
What is the highest common factor of 61425 and 42350?
175
Calculate the highest common factor of 1063110 and 1695.
15
Calculate the greatest common divisor of 4232662 and 6622.
602
Calculate the greatest common divisor of 39600 and 8657.
11
Calculate the greatest common divisor of 5544860 and 8480.
1060
Calculate the highest common divisor of 31435664 and 24.
8
What is the greatest common factor of 208 and 380666?
26
Calculate the highest common divisor of 8179980 and 510.
30
What is the highest common divisor of 151148 and 39701?
29
What is the highest common factor of 377 and 1891838?
13
Calculate the greatest common factor of 77 and 5433692.
11
Calculate the greatest common divisor of 15629889 and 6.
3
What is the greatest common divisor of 32306 and 5974?
58
Calculate the greatest common divisor of 57374 and 27662.
2
Calculate the highest common factor of 833 and 101645992.
833
Calculate the highest common divisor of 59593 and 2760.
23
What is the greatest common factor of 17952 and 2168826?
1122
What is the greatest common divisor of 4461331 and 15022?
203
Calculate the highest common divisor of 7707 and 2992518.
1101
What is the highest common factor of 1045648360 and 20?
20
Calculate the highest common divisor of 10600 and 52104300.
5300
Calculate the highest common divisor of 220 and 3772055.
5
What is the highest common factor of 348955519 and 33?
11
Calculate the greatest common factor of 296 and 1212432.
8
What is the greatest common factor of 6445728 and 2016?
288
What is the greatest common divisor of 211 and 47659?
1
Calculate the greatest common divisor of 64 and 901486.
2
What is the greatest common factor of 104 and 275037256?
104
Calculate the greatest common factor of 3 and 204236394.
3
What is the highest common factor of 13940088 and 24?
24
What is the greatest common divisor of 168 and 118952904?
168
Calculate the greatest common factor of 24612 and 171991.
293
Calculate the greatest common factor of 109 and 104804699.
109
Calculate the greatest common factor of 446 and 540605966.
446
What is the highest common factor of 280547550 and 145962?
8586
What is the greatest common factor of 7276 and 337535459?
1819
Calculate the greatest common factor of 8520 and 14010.
30
What is the highest common divisor of 10311 and 241899?
21
Calculate the greatest common divisor of 1334 and 4645126.
46
What is the greatest common divisor of 184178 and 77214?
34
Calculate the greatest common divisor of 1430 and 1510135.
55
What is the highest common factor of 16064719 and 22?
11
Calculate the highest common factor of 2336 and 3795927.
73
What is the highest common factor of 3550 and 60968410?
710
What is the highest common divisor of 1212276 and 27999322?
10634
Calculate the greatest common divisor of 303510150 and 930.
930
Calculate the greatest common divisor of 52662116 and 104.
52
Calculate the highest common factor of 35978949 and 873.
873
Calculate the greatest common factor of 8229023 and 11.
11
What is the greatest common divisor of 282992 and 4361768?
6152
What is the highest common factor of 1297846 and 14878?
346
What is the highest common factor of 13530 and 256674?
66
What is the greatest common divisor of 1410843 and 374269?
889
Calculate the greatest common factor of 2835325 and 575.
575
Calculate the highest common factor of 125115944 and 444.
148
What is the greatest common divisor of 95847 and 16592676?
2229
What is the highest common factor of 168441984 and 32?
32
What is the highest common factor of 96120 and 1058210?
890
Calculate the highest common divisor of 7 and 1368326659.
7
What is the highest common divisor of 24115371 and 329?
329
Calculate the highest common divisor of 1461925 and 925.
25
Calculate the greatest common divisor of 6829515 and 141669.
2673
What is the highest common divisor of 13964005 and 715?
55
Calculate the greatest common divisor of 183001002 and 10068.
5034
What is the highest common divisor of 1831368 and 2464?
616
Calculate the highest common divisor of 341752 and 1592.
8
Calculate the greatest common divisor of 29383995 and 265.
265
What is the greatest common divisor of 338944 and 7282?
662
Calculate the highest common divisor of 108 and 172197198.
54
Calculate the highest common factor of 5728 and 1952.
32
Calculate the greatest common divisor of 114374 and 79514.
166
What is the greatest common factor of 1684754 and 29230?
158
Calculate the highest common divisor of 30 and 3623823540.
30
Calculate the highest common divisor of 6294674 and 310.
62
What is the highest common factor of 2959 and 221075767?
2959
Calculate the greatest common factor of 15360 and 2316.
12
Calculate the highest common divisor of 294 and 26383.
7
Calculate the highest common factor of 672 and 62976396.
84
Calculate the highest common factor of 536841 and 36462.
177
Calculate the greatest common divisor of 506 and 2005102.
22
Calculate the highest common factor of 1239 and 14990661.
1239
What is the greatest common divisor of 123197150 and 200?
50
What is the greatest common factor of 210 and 3173982?
42
Calculate the highest common factor of 402285 and 345.
15
What is the greatest common divisor of 67694 and 89678622?
3982
Calculate the greatest common factor of 6019 and 55135429.
463
Calculate the highest common factor of 120132 and 23077.
47
What is the greatest common divisor of 650095 and 177445?
115
What is the greatest common factor of 1405499 and 655?
131
What is the highest common divisor of 18441090 and 578?
578
What is the greatest common factor of 73 and 2722104811?
73
What is the greatest common factor of 16 and 22863472?
16
Calculate the greatest common factor of 704115 and 90.
45
What is the greatest common factor of 11930 and 47512418?
2386
What is the highest common factor of 3540 and 733712790?
1770
Calculate the highest common factor of 33040589 and 13292.
3323
Calculate the highest common factor of 50 and 15463675.
25
Calculate the greatest common divisor of 261532 and 54662.
302
Calculate the greatest common divisor of 192320826 and 4344.
1086
Calculate the greatest common divisor of 135146700 and 1820.
260
What is the greatest common factor of 588 and 2260625388?
588
What is the highest common divisor of 679175 and 5600?
175
What is the greatest common divisor of 56847 and 213?
3
Calculate the highest common factor of 18389397 and 2739.
249
What is the greatest common divisor of 232136 and 2464?
8
What is the greatest common factor of 111743 and 1218937?
853
What is the greatest common divisor of 83 and 19732752?
83
What is the highest common divisor of 30 and 135807510?
30
Calculate the greatest common factor of 1243474 and 3268.
1634
What is the highest common factor of 159 and 73233333?
159
Calculate the highest common factor of 317520 and 85.
5
What is the greatest common factor of 10098784 and 4812?
1604
Calculate the highest common divisor of 746493 and 3300.
33
Calculate the greatest common factor of 7219 and 4463.
1
What is the highest common factor of 178650393 and 111?
111
What is the highest common factor of 3564050 and 3594?
1198
What is the highest common factor of 1890964 and 20?
4
Calculate the highest common factor of 64272 and 44610124.
5356
What is the highest common factor of 11569410 and 54?
18
Calculate the greatest common factor of 260100 and 3924.
36
What is the highest common factor of 26725002 and 282?
6
Calculate the highest common divisor of 1526560 and 187360.
160
Calculate the highest common factor of 5785545 and 183.
183
What is the highest common factor of 13902 and 2518248?
1986
What is the highest common factor of 354 and 1006620?
6
Calculate the highest common factor of 190873438 and 98.
14
Calculate the greatest common factor of 14025 and 29554635.
165
What is the highest common divisor of 788334 and 762438?
498
Calculate the highest common divisor of 2234 and 3238486824.
223